 = 5*l - 14. Let o = -27 + 29. Let b be (1 - 1/o)/((-10)/(-120)). Calculate the highest common divisor of b and l.
2
Let v = 53 + -17. Calculate the highest common factor of 576 and v.
36
Suppose -37*o + 36*o + 2 = 0. Suppose -4*i = 5*q - 61, -o*i + 17 = q - 6*i. What is the highest common divisor of q and 13?
13
Let u = 1627 + -1068. What is the greatest common factor of 39 and u?
13
Suppose 9*i - 115 = 4*i. Let o be i*(3 + (-5)/(20/8)). Calculate the greatest common divisor of 23 and o.
23
Suppose 2*q = 5*w - 2*w - 27, 27 = 3*w + 4*q. Let y be (-35)/20 + (-385)/(-28). What is the highest common divisor of w and y?
3
Let d = -13 + 11. Let l be ((-32)/(-12))/(d/6). Let b be (l/10)/((-4)/40). Calculate the greatest common divisor of 2 and b.
2
Let s be (10/4*2)/(1/3). Calculate the highest common factor of 9 and s.
3
Suppose 6*f - 11*f - 50 = 0. Let z(o) = o**3 + 10*o**2 - 5*o - 15. Let d be z(f). Calculate the greatest common factor of 140 and d.
35
Let n = 2847 + -1557. Calculate the highest common factor of n and 60.
30
Let o(d) = -219*d + 36. Let z be o(-6). Suppose 0 = -27*x + 37*x - z. What is the highest common divisor of x and 27?
27
Suppose 7*n - 11*n + 20 = 0. Suppose 2*k = -2*k + 68. Suppose -2*w = 4*u + 3*w - 31, 3*u + n*w = k. What is the highest common factor of 14 and u?
14
Let v = 68 - 95. Let s = 87 + v. Suppose t = 5*f + 37, -5*t - 5*f + 3*f = -50. What is the greatest common factor of t and s?
12
Suppose 5*n - 3*z + 4*z - 30 = 0, 43 = 4*n - 3*z. Let y be -2*-3*n/((-42)/(-88)). Calculate the highest common factor of y and 11.
11
Let v be -6 - -15 - 4 - -2. What is the highest common divisor of v and 7?
7
Suppose 4*q - 7 = -2*p - 3*p, 0 = q + 4*p + 1. Suppose -2*h - 2*h = 5*b - 585, 3*h + q*b = 435. Calculate the highest common divisor of 20 and h.
20
Let n = 17545 - 12118. What is the greatest common factor of 67 and n?
67
Suppose k = -3*g - g + 110, 148 = 5*g - 4*k. Let o = -32 - -32. Let j be 0 + o/(-1) + 56. Calculate the greatest common factor of g and j.
28
Let d = -1757 + 2044. What is the highest common divisor of d and 7?
7
Let t(y) = -y**3 + 3*y**2 + 6*y - 3. Let s be t(4). Suppose 7*a - 14 = s*a. Suppose -2*k = 2*k, 1 = m + k. What is the highest common factor of a and m?
1
Let n be 3*2/18*(10 + -4). Let w = -74 + 75. What is the greatest common divisor of w and n?
1
Let t(q) = q**2 + q. Let u(g) = -2*g**3 + 5*g**2 - g. Let m(o) = -4*t(o) - u(o). Let d be m(6). Calculate the highest common factor of d and 10.
10
Let g be 6/15 - (-219)/15. What is the highest common factor of g and 15?
15
Let x be (-2)/(-4) - (-606)/12. Let h = -18 + 54. Let s = 70 - h. Calculate the greatest common divisor of x and s.
17
Let b be (0 + -1)*(-9 - -5). Suppose -b*l + 0 = -4*q - 4, 25 = 4*l + 3*q. Calculate the highest common divisor of 16 and l.
4
Let a be (-2)/(-1 + 25/27). Let j(n) = 3*n - 12. Let q be ((-4)/3)/(1 + (-95)/75). Let t be j(q). Calculate the greatest common divisor of a and t.
3
Let l = 50 - 36. Let p(a) = 10*a - 3. Let r be p(8). Suppose -5*c + r = 7. What is the greatest common factor of l and c?
14
Let n be ((-2)/2)/((-1)/18). Let p = n - 12. Let w be (32/(-5))/(10/(-75)). What is the greatest common divisor of p and w?
6
Let v(k) = -k**2 - 24*k - 17. Let a be v(-19). What is the greatest common factor of a and 416?
26
Let b = 218 - 149. Calculate the greatest common factor of b and 92.
23
Let k(s) = 1. Let y(f) = -f - 10. Let b(c) = -2*k(c) - y(c). Let n be b(-7). Let m = 870 + -859. Calculate the greatest common divisor of n and m.
1
Let b(w) = 211*w - 19. Let t be b(1). Calculate the greatest common factor of t and 24.
24
Let l be (-16)/64 - (3123/(-12) + 2). What is the highest common divisor of 3 and l?
3
Let i be 6 + 22 - (4 + 2). What is the highest common factor of i and 297?
11
Let c(h) = h**2 + 319. Let f be c(0). Calculate the greatest common factor of f and 29.
29
Let f be (16/(-6))/((-3)/171). Let v be f/6 - 7/21. Let l = 128 - -97. What is the greatest common factor of v and l?
25
Let n be (-1)/(-2) + 18/12. Suppose -b + 3 = 0, z + n*b - 20 = -0*b. Calculate the highest common divisor of z and 21.
7
Let f(d) = 35*d - 28. Let s = -124 - -129. Let a be f(s). Calculate the greatest common factor of 21 and a.
21
Let n be -1*(-4)/(-10)*-50. Let y be (-2)/(-16) + 1738/176. What is the highest common divisor of y and n?
10
Let r = -680 + 1738. Calculate the greatest common factor of r and 46.
46
Let g = -224 + 280. What is the greatest common divisor of g and 35?
7
Let w be (-3 - (-3 - -1))*-35. Let t(g) = -37*g + 58. Let l be t(-6). What is the highest common factor of w and l?
35
Suppose 4*w = 6*d - 8*d + 28, -2*d + 14 = 2*w. Calculate the highest common divisor of w and 112.
7
Let k(a) = 19*a - 177. Let f be k(11). What is the greatest common factor of f and 4?
4
Let k(q) = 3*q - 6*q - 11 - 5*q**3 + 3*q**2 + 12. Let y be k(2). Let f = 29 - y. Calculate the greatest common factor of 31 and f.
31
Suppose 5*q - 151 = -t, 4*t - 17 = q - 64. What is the highest common factor of 837 and q?
31
Suppose 5*h + b - 4 = -2*b, 4*b + 10 = h. Let s be ((-3)/h)/((-3)/(-6)). Let r = s + 5. What is the greatest common divisor of r and 14?
2
Let y be -20*(133/28 + -6). Suppose -2*b + 7*b = 20. Let p(w) = 6*w + 1. Let j be p(b). Calculate the greatest common divisor of y and j.
25
Let g = -401 - -689. What is the highest common factor of 24 and g?
24
Suppose 195*q = 194*q + 23. Calculate the highest common factor of 391 and q.
23
Let y(n) = -10*n + 0*n + 0 - 5. Let p be y(-6). Suppose -p = -4*a - a. What is the greatest common divisor of 44 and a?
11
Let l(f) = f**2 - 25*f + 80. Let y be l(22). Calculate the greatest common factor of 518 and y.
14
Suppose -13*n + 675 + 1054 = 0. Calculate the greatest common divisor of n and 57.
19
Let v be 10*(4 - 39/(-6)). What is the greatest common divisor of 21 and v?
21
Let s be (-10)/(-6)*(-72)/(-40). Let v be 35/14*54/5. Calculate the highest common factor of s and v.
3
Let w(b) = 180*b + 1484. Let l be w(-8). Let f(h) = h**3 + 11*h**2 + 7*h + 3. Let i be f(-10). Calculate the greatest common divisor of i and l.
11
Let h(g) be the first derivative of 2*g**3/3 - 4*g**2 - 2*g + 4. Let x be h(-9). What is the greatest common divisor of 29 and x?
29
Suppose -32 = -4*q + 52. Let b = -1737 + 1744. What is the highest common divisor of b and q?
7
Suppose -95 - 28 = 2*w + 5*c, -2*w + c = 105. Let d = w - -69. Calculate the greatest common factor of 195 and d.
15
Suppose -3*p - p - y = -108, 4*p - 4*y - 128 = 0. Calculate the greatest common factor of 28 and p.
28
Suppose -63*n = -1756 - 1394. What is the greatest common divisor of n and 30?
10
Let g = 672 + -427. Calculate the greatest common factor of 35 and g.
35
Let o be 1 - (-4 + 1 + -1). Suppose 3*d + y = -4 + 1, -o*y = 4*d + 4. Let l = d - -12. Calculate the greatest common factor of 33 and l.
11
Let u(s) = -s**3 - 17*s**2 + 18*s + 5. Let x be u(-18). Suppose 0 = x*z - 5*w - 35, 11 = 3*z - 0*w + 2*w. What is the greatest common divisor of 15 and z?
5
Suppose -3*l + 4*o + 21 = 0, l - o = -0*l + 8. Let i(x) = x**3 + 11*x**2 + 10*x + 11. Let s be i(-10). Calculate the highest common factor of s and l.
11
Suppose 0 = -3*y + 12*y - 135. Calculate the highest common divisor of 3 and y.
3
Let j be (-6)/(-16)*(0 + 8). Suppose 2*l - 227 = -j*p - 0*l, 0 = -4*p - 2*l + 304. What is the highest common factor of p and 7?
7
Let a = -647 - -674. Suppose p = -3*p + 864. What is the highest common factor of p and a?
27
Let z be (3 - -2)*1674/155. Calculate the greatest common divisor of z and 81.
27
Let k = 189 - 132. What is the highest common factor of 38 and k?
19
Suppose -741*q - 168 = -745*q. Let v = -11 + 17. What is the highest common divisor of q and v?
6
Let b(z) = 3*z**2 - 14*z + 5. Let d be b(6). Let r = 42 - d. What is the greatest common divisor of 91 and r?
13
Let o(l) = 4*l**2 - 25*l + 27. Let i be o(7). What is the highest common divisor of 176 and i?
16
Suppose 0 = 5*u - 232 - 488. Suppose p = -4*m + u, 3*p - 2*p = 0. Suppose 59*v = -94*v + 26*v + 3048. Calculate the greatest common factor of m and v.
12
Suppose 3*z + 3*y - 187 - 323 = 0, -y = 3*z - 512. Calculate the highest common divisor of z and 18.
9
Let u(m) = -100*m - 56. Let 